
False
Let t(l) = 379*l. Let f = -18 + 19. Is t(f) prime?
True
Let y(x) = -5*x - 275. Let c(m) = -2*m - 138. Let i(o) = -7*c(o) + 3*y(o). Is i(0) composite?
True
Let m = 2 - 2. Suppose 1032 = 5*z - 2*h, 3*z + 0*h - 4*h - 608 = m. Let s = z + -89. Is s prime?
False
Let r = 5 - 3. Suppose r*k = -2*k + 200. Let g = k + 5. Is g prime?
False
Let s(f) = f**3 - f**2 + f + 4. Let d be s(0). Suppose -2*c + 15 = 3*c. Suppose 0*k + 217 = c*m - 4*k, 99 = m + d*k. Is m a composite number?
False
Let v = 792 + -241. Is v a prime number?
False
Let k = -5 - -5. Let f = 0 + k. Suppose 62 = 2*h + 4*a, 2*h - 5*a - 28 - 7 = f. Is h a composite number?
True
Suppose -5*t + b + 129 = 0, -t + 5*b + 0*b = -45. Suppose -3*i = -15, -2*n - i = 3*n - t. Suppose -u = -2*g - 91, -g = -0 + n. Is u prime?
True
Let y(c) = -27*c + 10. Is y(-13) a composite number?
True
Let u(d) = -16*d**3 + 4*d + 3. Let m be u(-2). Let x be (0 - 3)/(1/(-24)). Suppose -3*v + x = 2*o - m, -2*o + 325 = 5*v. Is v composite?
True
Let z = 699 + -496. Is z a composite number?
True
Let i(q) = -4*q + 29*q + 3 + 0. Let m be i(5). Suppose 4*j = -5*u + 212, 3*j - j = 3*u + m. Is j a composite number?
True
Let t(i) = -25*i**2 + 2. Let c(a) = 49*a**2 - 3. Let b(o) = 3*c(o) + 5*t(o). Suppose 0 = 2*j + j + 3. Is b(j) a composite number?
False
Suppose -2*m = -2*v - 8, -5*m + 4*v - 9 + 28 = 0. Suppose -m*t = 0, -l = t - 3*t - 55. Suppose 2*h = f + 110, f + f = h - l. Is h composite?
True
Let j be (-1)/3 + (-968)/(-6). Suppose -5*p = -6*p + j. Is p composite?
True
Let i = 3 - 1. Let c = i - -1. Suppose 868 = l + c*l. Is l a composite number?
True
Let w = 5824 - -4815. Is w prime?
True
Suppose -68 = -5*i - 18. Suppose 4*x = 3*x + i. Let h = x + 139. Is h composite?
False
Suppose 0 = -4*u - v - 1158 - 770, 1928 = -4*u - 4*v. Let l = u + 773. Is l composite?
True
Let c(k) = k**2 - 6*k - 4. Let u be c(4). Is (9/u)/(1/(-68)) prime?
False
Let o be ((-25)/(-2))/(-5)*-2. Let x(k) = 2*k. Is x(o) a prime number?
False
Is 3 + (378 - (-3 + 3)) a prime number?
False
Let r = 7 + -3. Suppose 365 = r*m + m. Suppose -2*q + 33 = -m. Is q a composite number?
False
Let t = -39 + 77. Suppose -4*g + t = 2*s, 4*s + 9 = -3. Suppose -3*x + 46 = -g. Is x a prime number?
True
Let u(y) = 2*y**2 - 5*y + 1. Let n = -15 + 9. Is u(n) composite?
False
Let n(v) = 752*v - 11. Is n(3) prime?
False
Let p(j) be the second derivative of 3/4*j**4 + 0 - 2*j**2 + 4*j - 1/3*j**3. Is p(5) a composite number?
False
Let a = -22 - -18. Is (-333)/(-2) + a/(-8) prime?
True
Suppose 1013 = 3*h - 5*l, -l + 327 = -h + 2*h. Is h a composite number?
False
Is 1 + (-9)/(9/(-290)) prime?
False
Let t be (-1 - -4) + 0 - -76. Let j = t - 28. Is j prime?
False
Let s = -121 - -768. Suppose -3*v = -a - 4*a + s, -4*v - 16 = 0. Is a prime?
True
Let a = -61 + 142. Suppose -4*k + w + 51 = 0, 0*k + 5*w = -4*k + a. Is k prime?
False
Let m(t) = t**2 + 7*t + 44. Is m(-13) a composite number?
True
Is (-2)/(-3)*(-7485)/(-10) prime?
True
Let z(i) = -12*i - 2. Let t be z(6). Let y = -15 - t. Is y composite?
False
Let l(v) = v**2 + 3*v + 2. Let a be l(-4). Let d = a - -45. Is d composite?
True
Let x(t) = t**2 + 5*t + 4. Let j be x(-5). Suppose 6 - j = -2*f. Is 2 + -3 + (f - -79) a prime number?
False
Suppose -4*a + 1073 = 4*i - 7*a, 3*i - 807 = 3*a. Suppose 0 = 3*x - k - 446, 332 = 4*x + 2*k - i. Is x prime?
True
Suppose 4*r - 6*r + 5*q + 513 = 0, -5*r - 5*q = -1370. Is r composite?
False
Let x(w) = w**3 + 4*w**2 - 5*w. Let p be x(-5). Suppose p = -v - 2*v + 231. Is v a composite number?
True
Let w be (2/4)/((-2)/(-1384)). Suppose 5*z + 4*t - w = 0, -2*t + t = -3*z + 194. Let i = z + -41. Is i a composite number?
True
Suppose 3*u + u = -o + 983, 3*o + u - 2916 = 0. Is o a composite number?
False
Let i(c) = -c**2 + 3*c - 3. Let f be i(3). Let o be 4/(-6) - 44/f. Let l = 21 + o. Is l a prime number?
False
Let i be ((-2)/4)/(4/(-9760)). Suppose i = 6*f - 2*f. Is f composite?
True
Let i = 512 + -774. Let f = i + 395. Is f composite?
True
Let b = -5 + 13. Suppose b*k = 11*k - 273. Is k composite?
True
Is 2*257*24/16 a composite number?
True
Let c(x) = -12*x + 4. Let r be c(3). Suppose 2*m = 5*u - 349, -m = 2*u - 2*m - 140. Let o = r + u. Is o prime?
True
Suppose 12*f = 10*f + 3962. Is f prime?
False
Let d(u) = -5*u - 19. Let n(q) = q. Let j(h) = -d(h) - 6*n(h). Let w = 15 + -15. Is j(w) composite?
False
Is (-4 - 3944/(-4))/2 prime?
True
Is -1 + 101360/88 - 2/(-11) prime?
True
Let s = 6 - 3. Suppose s*m - k - 397 = 0, -4*k + 669 = 5*m - 2*k. Is m composite?
True
Let x be 7 + ((-18)/3)/(-2). Is 2/x + 328/10 composite?
True
Let y = 3 - 3. Let z = 1 - -1. Suppose y = -6*i + z*i + 188. Is i a composite number?
False
Suppose 2*v - 9 = -1. Suppose -s + v = -1. Suppose 5*h - 40 = -k + 97, 2*k = s*h + 244. Is k a prime number?
True
Let i(j) = j**3 - 6*j**2 + 6. Let w be i(6). Suppose -3*c = -w*c. Suppose -5*z + 1075 = -c*z. Is z prime?
False
Let p = -774 + 4561. Is p prime?
False
Let y = 4 - -1. Suppose -y*p + 5 = -2*c + 86, -5*c + p = -168. Is c composite?
True
Suppose 5*u - 5*g + 645 = 90, 4*u - 2*g = -448. Let p = u + 526. Is p composite?
True
Let c(s) = -38*s - 3. Let t be c(-3). Let z = -28 + t. Is z prime?
True
Let g(t) = -4*t**2 - 4 + 10*t**2 + 7*t**2 + 2*t. Is g(5) prime?
True
Let s(y) = -y**2 - 10*y - 9. Let i be s(-8). Let u be 1*i + 1 + 1. Let t = 5 + u. Is t prime?
False
Let o(c) = c**2 + 6*c - 10. Let n(r) = -5*r + 2*r + 11 - 4*r - r**2. Let j(a) = 6*n(a) + 7*o(a). Is j(-5) composite?
True
Suppose 3*y - 2*n = n - 3, -2*n = -3*y - 6. Let q(w) = w**2. Let h(f) = f**3 + 7*f**2 + 3*f + 1. Let a(v) = -h(v) + 3*q(v). Is a(y) a composite number?
False
Suppose 4*j + p = 7, -2*j + 0*j - 5*p - 1 = 0. Suppose -u - 13 = -5*q, q - 3*q = -4*u + j. Is u + (23 - (3 + 0)) a composite number?
True
Suppose 2*d = 3 + 5. Suppose 0 = -3*k - d*x + 327, -4*x + 0*x - 12 = 0. Is k a composite number?
False
Let g = -74 - -453. Let f = -4 - -4. Suppose f = -5*o + 3*v + g, -o + 83 = 2*v + v. Is o composite?
True
Suppose -7*s = -3*s - 16. Suppose 4*a + 254 = 3*y, 2*y + s*a - 320 = -2*y. Is y composite?
True
Let a = 3 + -1. Let c = 6 + a. Suppose -4*s + 52 + c = 0. Is s composite?
True
Let f be 7/(21/258)*8. Let o = 1037 - f. Let l = 508 - o. Is l composite?
True
Let r(g) = 13*g**2 + 5*g + 11. Is r(-6) a composite number?
False
Suppose 0 = -3*v - 0*v - 15. Is (1/(-3))/(v/5685) a prime number?
True
Suppose -r = 4*u, 6*u + 2*r = 2*u - 4. Let i(s) = 3*s**3 - s**2. Let x be i(u). Suppose -x*k - 4*y = -19 - 119, 3*y = 0. Is k prime?
False
Suppose -2*s = 3*s - 5*x - 20, 0 = 5*s - x - 12. Let g = -3 + s. Is -74*(g - 1/(-2)) a composite number?
False
Let h = -18 - -25. Let w(v) = -v**3 + 5*v**2 + 10. Let a be w(h). Let d = a + 162. Is d a composite number?
True
Let h = 4420 - -213. Is h a composite number?
True
Is 12/24 - 11/(-2) prime?
False
Suppose l + 33 = -223. Let o = 371 + l. Is o composite?
True
Suppose -4*n + 3 = -13. Suppose 0 = -0*d + n*d - 76. Is d a prime number?
True
Let f(n) = -n - 2. Let r be f(-2). Suppose r = -4*l - 6 - 6. Is (-2)/l - 120/(-9) a prime number?
False
Let u(a) = a**2 + 9*a + 4. Let y be u(-8). Let v be y/3*(-81)/6. Suppose v = -4*s + 118. Is s a composite number?
True
Let m be 2/11 - (-4)/(-22). Suppose m = -t + 1. Suppose -4*f - d + 85 = 0, -2*d + 3 = t. Is f a composite number?
True
Let k be (-97)/(-5) - 2/5. Suppose 5*y - 975 = -2*a + 4*y, 1935 = 4*a - y. Suppose -3*j - a = -4*m, -2*m + j + 222 = -k. Is m a prime number?
False
Let d be 1*(7 + -2)*1. Suppose 13 + 37 = d*v. Is v a composite number?
True
Let y = -67 - -657. Suppose -2*n - y = -4*g, n = g + 2*n - 152. Is g composite?
False
Let n(s) = s**3 + 7*s**2 - 5*s - 1. Let z be n(4). Suppose -2*p = 41 - z. Suppose 3*i + 4*y - p = -0*y, y + 57 = 4*i. Is i a prime number?
False
Let j = -128 + 16. Let u = -63 - j. Is u composite?
True
Let c be -1 + (4414/(-2) - -3). Let a = -1498 - c. Is a composite?
True
Suppose b = u + 4, u + 4 = -b - 2*u. Is b/4 - (-86)/4 a prime number?
False
Let x be 4*(0 + -2 - -1). Is ((-92)/16)/(1/x) prime?
True
Let h(w) = -w**3 - 2*w**2 - 3*w - 2. Let y be h(-3). Let k(x) = -x**3 - 5*x**2 - 6*x + 3. Let z be k(-6). Let q = y + z. Is q composite?
True
Suppose -112 = -2*t - 22. Suppose -4*p = -0*p. Suppose -3*j + 6*j 